{"id":250,"date":"2023-06-22T10:48:35","date_gmt":"2023-06-22T08:48:35","guid":{"rendered":"https:\/\/www.biogarten-remetschwiel.de\/?page_id=250"},"modified":"2025-07-03T23:16:56","modified_gmt":"2025-07-03T21:16:56","slug":"preise","status":"publish","type":"page","link":"https:\/\/www.biogarten-remetschwiel.de\/?page_id=250","title":{"rendered":"Preise"},"content":{"rendered":"\n<p><strong>Grunds\u00e4tzlich gilt beim Selbsternten im Bereich Gem\u00fcse und Fr\u00fcchte <br>die Selbsteinsch\u00e4tzung anhand der \u00fcblichen Preise im Handel minus eigener Aufwand.<\/strong><\/p>\n\n\n\n<p>Dort wo Angaben mit Preisen in einer Liste oder in einem Status enthalten sind bitte diese Preise rechnen und dennoch selbst einsch\u00e4tzen je nach Qualit\u00e4t&#8230;Gr\u00f6sse&#8230;&#8230;&#8230;.<\/p>\n\n\n\n<p><strong>Apfelsaft 5 Liter Bag-in-the-Box Preis 7,\u2013\u20ac<\/strong><\/p>\n\n\n\n<p><strong>Heu 1. Schnitt                                           6,\u2013 \u20ac \/ Kleinballen<\/strong><\/p>\n\n\n\n<p>Heu von Magerwiese, Kleinballen ca. 18 kg 50cmx50cm Rundballen, in Netze gewickelt,<br>Maht mit Balkenm\u00e4her, langfaserig, sehr gut getrocknet.<\/p>\n\n\n\n<p><strong><em>Allgemeine unverbindliche Preisvorschl\u00e4ge:<\/em><\/strong><\/p>\n\n\n\n<div class=\"wp-block-group\"><div class=\"wp-block-group__inner-container is-layout-constrained wp-block-group-is-layout-constrained\">\n<div class=\"wp-block-columns is-layout-flex wp-container-core-columns-is-layout-9d6595d7 wp-block-columns-is-layout-flex\">\n<div class=\"wp-block-column is-layout-flow wp-block-column-is-layout-flow\" style=\"flex-basis:100%\">\n<figure class=\"wp-block-table\"><table><tbody><tr><td>Kategorie<\/td><td>Sorten<\/td><td class=\"has-text-align-right\" data-align=\"right\">Vorschlagspreis in \u20ac gesch\u00e4tzt<\/td><\/tr><tr><td><strong>Salate<\/strong> \/ St\u00fcck<\/td><td>diverse Sorten<\/td><td class=\"has-text-align-right\" data-align=\"right\">1,20<\/td><\/tr><tr><td><strong>Lollo Bionda<\/strong>  \/ St\u00fcck<\/td><td><\/td><td class=\"has-text-align-right\" data-align=\"right\">1,20<\/td><\/tr><tr><td><strong>Rucola<\/strong><\/td><td>Bund \/ 100gr<\/td><td class=\"has-text-align-right\" data-align=\"right\">1,50<\/td><\/tr><tr><td><strong>Kr\u00e4uter<\/strong><\/td><td>Salbei, Thymian<\/td><td class=\"has-text-align-right\" data-align=\"right\">0,50<\/td><\/tr><tr><td><strong>Petersilie<\/strong><\/td><td>Bund<\/td><td class=\"has-text-align-right\" data-align=\"right\">0,50<\/td><\/tr><tr><td><strong>Blattgem\u00fcse<\/strong>  \/ kg<\/td><td><\/td><td class=\"has-text-align-right\" data-align=\"right\">2,00<\/td><\/tr><tr><td><strong>Mangold und Gr\u00fcnkohl<\/strong> \/kg <\/td><td><\/td><td class=\"has-text-align-right\" data-align=\"right\">2,00<\/td><\/tr><tr><td><strong>Zucchini<\/strong> \/kg<\/td><td><\/td><td class=\"has-text-align-right\" data-align=\"right\">2,00<\/td><\/tr><tr><td><strong>Heuballen 50x50cm<\/strong> \/ Ballen<\/td><td>ca. 18 kg<\/td><td class=\"has-text-align-right\" data-align=\"right\">6,00<\/td><\/tr><tr><td><\/td><td><\/td><td class=\"has-text-align-right\" data-align=\"right\"><\/td><\/tr><\/tbody><\/table><figcaption class=\"wp-element-caption\">Vorschlagsliste Preise &#8211; unverbindlich<\/figcaption><\/figure>\n<\/div>\n<\/div>\n<\/div><\/div>\n\n\n\n<p><\/p>\n\n\n\n<figure class=\"wp-block-image\"><img loading=\"lazy\" decoding=\"async\" width=\"580\" height=\"580\" src=\"https:\/\/www.biogarten-remetschwiel.de\/wp-content\/uploads\/2023\/06\/Biogarten20180715_061_04.jpg\" alt=\"\" class=\"wp-image-28\" srcset=\"https:\/\/www.biogarten-remetschwiel.de\/wp-content\/uploads\/2023\/06\/Biogarten20180715_061_04.jpg 580w, https:\/\/www.biogarten-remetschwiel.de\/wp-content\/uploads\/2023\/06\/Biogarten20180715_061_04-300x300.jpg 300w, https:\/\/www.biogarten-remetschwiel.de\/wp-content\/uploads\/2023\/06\/Biogarten20180715_061_04-150x150.jpg 150w, https:\/\/www.biogarten-remetschwiel.de\/wp-content\/uploads\/2023\/06\/Biogarten20180715_061_04-50x50.jpg 50w, https:\/\/www.biogarten-remetschwiel.de\/wp-content\/uploads\/2023\/06\/Biogarten20180715_061_04-80x80.jpg 80w\" sizes=\"auto, (max-width: 580px) 100vw, 580px\" \/><\/figure>\n\n\n\n<p><strong>Heuballen 50x50cm ca 18kg Preis 6,&#8211; \/ Ballen<\/strong><\/p>\n\n\n\n<figure class=\"wp-block-image size-full is-resized\"><img loading=\"lazy\" decoding=\"async\" width=\"500\" height=\"333\" src=\"https:\/\/www.biogarten-remetschwiel.de\/wp-content\/uploads\/2023\/06\/EU_Organic_Logo_Colour_rgb.jpg\" alt=\"\" class=\"wp-image-62\" style=\"width:158px;height:auto\" srcset=\"https:\/\/www.biogarten-remetschwiel.de\/wp-content\/uploads\/2023\/06\/EU_Organic_Logo_Colour_rgb.jpg 500w, https:\/\/www.biogarten-remetschwiel.de\/wp-content\/uploads\/2023\/06\/EU_Organic_Logo_Colour_rgb-300x200.jpg 300w\" sizes=\"auto, (max-width: 500px) 100vw, 500px\" \/><\/figure>\n\n\n\n<p>DE &#8211; \u00d6KO &#8211; 006<br>Deutsche Landwirtschaft<\/p>\n\n\n\n<figure class=\"wp-block-image size-full is-resized\"><img loading=\"lazy\" decoding=\"async\" width=\"357\" height=\"88\" src=\"https:\/\/www.biogarten-remetschwiel.de\/wp-content\/uploads\/2023\/06\/abcert_logo.png\" alt=\"\" class=\"wp-image-199\" style=\"aspect-ratio:4.065040650406504;width:183px;height:auto\" srcset=\"https:\/\/www.biogarten-remetschwiel.de\/wp-content\/uploads\/2023\/06\/abcert_logo.png 357w, https:\/\/www.biogarten-remetschwiel.de\/wp-content\/uploads\/2023\/06\/abcert_logo-300x74.png 300w\" sizes=\"auto, (max-width: 357px) 100vw, 357px\" \/><\/figure>\n","protected":false},"excerpt":{"rendered":"<p>Grunds\u00e4tzlich gilt beim Selbsternten im Bereich Gem\u00fcse und Fr\u00fcchte die Selbsteinsch\u00e4tzung anhand der \u00fcblichen Preise im Handel minus eigener Aufwand. Dort wo Angaben mit Preisen in einer Liste oder in einem Status enthalten sind bitte diese Preise rechnen und dennoch selbst einsch\u00e4tzen je nach Qualit\u00e4t&#8230;Gr\u00f6sse&#8230;&#8230;&#8230;. Apfelsaft 5 Liter Bag-in-the-Box Preis 7,\u2013\u20ac Heu 1. Schnitt 6,\u2013 [&hellip;]<\/p>\n","protected":false},"author":1,"featured_media":0,"parent":0,"menu_order":0,"comment_status":"closed","ping_status":"closed","template":"","meta":{"footnotes":""},"class_list":["post-250","page","type-page","status-publish","hentry"],"_links":{"self":[{"href":"https:\/\/www.biogarten-remetschwiel.de\/index.php?rest_route=\/wp\/v2\/pages\/250","targetHints":{"allow":["GET"]}}],"collection":[{"href":"https:\/\/www.biogarten-remetschwiel.de\/index.php?rest_route=\/wp\/v2\/pages"}],"about":[{"href":"https:\/\/www.biogarten-remetschwiel.de\/index.php?rest_route=\/wp\/v2\/types\/page"}],"author":[{"embeddable":true,"href":"https:\/\/www.biogarten-remetschwiel.de\/index.php?rest_route=\/wp\/v2\/users\/1"}],"replies":[{"embeddable":true,"href":"https:\/\/www.biogarten-remetschwiel.de\/index.php?rest_route=%2Fwp%2Fv2%2Fcomments&post=250"}],"version-history":[{"count":10,"href":"https:\/\/www.biogarten-remetschwiel.de\/index.php?rest_route=\/wp\/v2\/pages\/250\/revisions"}],"predecessor-version":[{"id":391,"href":"https:\/\/www.biogarten-remetschwiel.de\/index.php?rest_route=\/wp\/v2\/pages\/250\/revisions\/391"}],"wp:attachment":[{"href":"https:\/\/www.biogarten-remetschwiel.de\/index.php?rest_route=%2Fwp%2Fv2%2Fmedia&parent=250"}],"curies":[{"name":"wp","href":"https:\/\/api.w.org\/{rel}","templated":true}]}}